e factors of 202166062?
2, 7, 53, 38923
List the prime factors of 12415660.
2, 5, 347, 1789
What are the prime factors of 1877656299?
3, 625885433
List the prime factors of 390285084.
2, 3, 7, 677, 6863
List the prime factors of 1810280840.
2, 5, 45257021
What are the prime factors of 58585615?
5, 11, 37, 28789
What are the prime factors of 4362962872?
2, 487, 1119857
What are the prime factors of 2594850176?
2, 20272267
List the prime factors of 795680162.
2, 31, 109, 281, 419
List the prime factors of 45430857.
3, 37, 136429
List the prime factors of 3073842930.
2, 3, 5, 17, 6027143
List the prime factors of 242819797.
11, 431, 51217
What are the prime factors of 4168136310?
2, 3, 5, 13, 31, 344759
List the prime factors of 142459217.
23, 59, 61, 1721
List the prime factors of 127561680.
2, 3, 5, 23, 7703
What are the prime factors of 54292478?
2, 27146239
What are the prime factors of 551105257?
149, 3698693
List the prime factors of 45146183.
45146183
What are the prime factors of 8137888?
2, 11, 61, 379
List the prime factors of 1095597679.
11, 2999, 33211
List the prime factors of 59948864.
2, 857, 1093
List the prime factors of 27775538.
2, 7, 1983967
List the prime factors of 8285001391.
17, 349, 1396427
List the prime factors of 879858710.
2, 5, 5387, 16333
What are the prime factors of 133992847?
29, 4620443
List the prime factors of 2485192689.
3, 7, 3391, 11633
List the prime factors of 43508302.
2, 79, 509, 541
What are the prime factors of 357396801?
3, 37, 761, 4231
What are the prime factors of 469547648?
2, 379, 9679
List the prime factors of 1376985018.
2, 3, 29, 653, 12119
What are the prime factors of 2830132109?
7, 37, 73, 181, 827
What are the prime factors of 367435984?
2, 19, 257, 4703
List the prime factors of 117645897.
3, 23, 74131
What are the prime factors of 985015439?
30727, 32057
List the prime factors of 3085313618.
2, 239, 691, 9341
List the prime factors of 111793122.
2, 3, 7, 17, 1933
List the prime factors of 2469904088.
2, 19, 619, 26251
What are the prime factors of 192990933?
3, 21443437
List the prime factors of 64049798.
2, 19, 1685521
List the prime factors of 1951294327.
1951294327
What are the prime factors of 1444722231?
3, 61, 7894657
What are the prime factors of 558391183?
7, 3697, 21577
List the prime factors of 726238900.
2, 5, 19, 382231
What are the prime factors of 582875055?
3, 5, 7, 616799
What are the prime factors of 305091327?
3, 109, 933001
List the prime factors of 46767096.
2, 3, 23, 31, 911
What are the prime factors of 452551661?
452551661
List the prime factors of 543270902.
2, 23, 487, 24251
What are the prime factors of 18451618?
2, 9225809
What are the prime factors of 773745251?
53, 14598967
List the prime factors of 26929778.
2, 47, 286487
List the prime factors of 2859043681.
13, 23, 557, 17167
What are the prime factors of 81024566?
2, 7, 317, 18257
What are the prime factors of 142249956?
2, 3, 11854163
List the prime factors of 72739356.
2, 3, 157, 38609
List the prime factors of 5709840060.
2, 3, 5, 95164001
List the prime factors of 572494853.
7, 673, 121523
What are the prime factors of 1900268694?
2, 3, 23, 73, 20959
List the prime factors of 148581431.
148581431
List the prime factors of 1103460599.
17, 1039, 62473
What are the prime factors of 549380623?
11, 3389, 14737
List the prime factors of 52920730.
2, 5, 37, 281, 509
What are the prime factors of 224869970?
2, 5, 13, 31, 55799
What are the prime factors of 344560572?
2, 3, 47, 203641
What are the prime factors of 494173603?
7, 11, 19, 337781
What are the prime factors of 59207786?
2, 11, 397, 6779
List the prime factors of 539393192.
2, 13, 359, 14447
List the prime factors of 3029031740.
2, 5, 7, 21635941
What are the prime factors of 256402272?
2, 3, 7, 83, 4597
List the prime factors of 480208334.
2, 240104167
List the prime factors of 3566085674.
2, 3203, 556679
List the prime factors of 15729216.
2, 3, 17, 61, 79
What are the prime factors of 813295165?
5, 162659033
List the prime factors of 99523497.
3, 33174499
List the prime factors of 581461381.
1373, 423497
What are the prime factors of 49519255?
5, 331, 29921
List the prime factors of 1392388308.
2, 3, 38677453
List the prime factors of 4119310781.
41131, 100151
What are the prime factors of 23681127?
3, 71, 73, 1523
List the prime factors of 382126353.
3, 7, 53051
What are the prime factors of 3752761097?
467, 1201, 6691
List the prime factors of 1344514646.
2, 29, 71, 326497
What are the prime factors of 2088942108?
2, 3, 11, 509, 31091
What are the prime factors of 5418881494?
2, 13, 257, 810967
List the prime factors of 425255098.
2, 212627549
List the prime factors of 1544441102.
2, 1279, 603769
List the prime factors of 146835855.
3, 5, 1087673
List the prime factors of 800416289.
800416289
What are the prime factors of 409715092?
2, 102428773
What are the prime factors of 1640867565?
3, 5, 109391171
List the prime factors of 179316805.
5, 35863361
List the prime factors of 289259950.
2, 5, 7, 191, 4327
List the prime factors of 1168754606.
2, 631, 926113
List the prime factors of 975818361.
3, 7, 29, 577, 2777
List the prime factors of 611086813.
611086813
List the prime factors of 7023160167.
3, 59, 39678871
List the prime factors of 152061844.
2, 11, 3455951
List the prime factors of 49713550.
2, 5, 994271
What are the prime factors of 3177048056?
2, 7, 13, 4364077
List the prime factors of 1991149873.
43, 151, 306661
List the prime factors of 10490131.
53, 197927
What are the prime factors of 6488201400?
2, 3, 5, 127, 85147
List the prime factors of 878021181.
3, 421, 77243
List the prime factors of 300330277.
13, 53, 435893
What are the prime factors of 4389631548?
2, 3, 181, 2021009
List the prime factors of 1224397165.
5, 3863, 63391
List the prime factors of 30284209.
193, 156913
What are the prime factors of 81182405?
5, 16236481
List the prime factors of 220570885.
5, 463, 95279
What are the prime factors of 82087175?
5, 881, 3727
What are the prime factors of 18522163?
11, 17, 37, 2677
List the prime factors of 648149756.
2, 443, 365773
List the prime factors of 49165703.
59, 227, 3671
List the prime factors of 394249272.
2, 3, 1823, 9011
What are the prime factors of 551341097?
1471, 374807
List the prime factors of 9830205.
3, 5, 7, 11, 2837
What are the prime factors of 100143816?
2, 3, 83, 50273
What are the prime factors of 826171826?
2, 683, 604811
What are the prime factors of 1718098661?
197, 8721313
List the prime factors of 2292317763.
3, 764105921
What are the prime factors of 372862843?
372862843
What are the prime factors of 123763058?
2, 61881529
What are the prime factors of 48831795?
3, 5, 29, 12473
What are the prime factors of 444030740?
2, 5, 107, 207491
List the prime factors of 597295277.
479, 1246963
What are the prime factors of 38252941?
17, 1409, 1597
What are the prime factors of 2232623080?
2, 5, 1153, 48409
List the prime factors of 67425464.
2, 29, 290627
List the prime factors of 514867535.
5, 7, 13, 23, 49199
What are the prime factors of 79579594?
2, 39789797
List the prime factors of 3499011632.
2, 47, 4652941
List the prime factors of 261778556.
2, 13, 97, 51899
What are the prime factors of 967263955?
5, 7, 27636113
What are the prime factors of 105068531?
23, 4568197
What are the prime factors of 18645484?
2, 11, 13, 37, 881
What are the prime factors of 2608380719?
7, 283, 1316699
List the prime factors of 140597476.
2, 4049, 8681
What are the prime factors of 2246613355?
5, 7, 64188953
What are the prime factors of 6958124856?
2, 3, 10737847
What are the prime factors of 289305090?
2, 3, 5, 1303, 2467
List the prime factors of 48690751.
48690751
List the prime factors of 36793685.
5, 1657, 4441
What are the prime factors of 83742962?
2, 2087, 20063
List the prime factors of 156709968.
2, 3, 29, 103, 1093
What are the prime factors of 321992655?
3, 5, 29, 89, 8317
What are the prime factors of 10630055?
5, 31, 68581
What are the prime factors of 290221014?
2, 3, 48370169
List the prime factors of 755700987.
3, 37, 1279, 5323
What are the prime factors of 2334918278?
2, 7, 11, 17, 23, 2281
List the prime factors of 7925512.
2, 7, 307, 461
List the prime factors of 187918749.
3, 3023, 6907
L